t l be a(27). Let g(d) = -26*d - 493. Give g(l).
1
Let q(j) = -j**3 + 3*j - 2. Let v(m) = -8*m**3 - 4*m**2 + 31*m - 32. Let k(f) = -9*q(f) + v(f). What is k(6)?
82
Let o(j) = j - 34. Suppose 2*w + 16 = 5*z, 40*w + 58 = 5*z + 44*w. Give o(z).
-28
Let u(i) be the first derivative of 3*i**2/2 - 11*i - 1. Let k = -97965 - -97969. Give u(k).
1
Let j(b) = -4*b - 12. Suppose 3*a - 5*r + 27 = -0, 15 = 5*r. Determine j(a).
4
Suppose -10*c = -6*c + 8. Let g(x) = -7*x - 14. Let z(r) = -8*r - 17. Let a(u) = c*z(u) + 3*g(u). Determine a(-6).
22
Suppose -2*f = 2, 0*k + 4*f + 11 = k. Let n(w) = 4*w**3 + 4*w - 10*w - 3*w**3 + k*w**2 + 6. What is n(-8)?
-10
Let m(h) be the second derivative of -5*h**3/6 - 6*h**2 - 24*h - 19. Give m(-4).
8
Let r(f) be the third derivative of -f**6/120 - 17*f**5/60 - 13*f**4/24 + 7*f**3/2 - 4738*f**2. Calculate r(-16).
-27
Suppose 79 - 4 = -5*x. Let f be 10/x + (-38)/6. Let v(w) be the first derivative of -w**2 - 8*w + 564. Determine v(f).
6
Let u(i) = i + 19. Suppose 2*q + 4*d = 4, -d = 2*q - 0 + 2. Let z be (6 + -4)/(q/15). Determine u(z).
4
Let z(h) = h - 19. Let a(l) = l**3 - 6*l**2 + 4*l + 7. Let c be a(3). Let g(i) = -i**3 - 20*i**2 - 98*i - 10. Let j be g(c). What is z(j)?
-13
Let r(s) be the second derivative of -s**3/6 + 5*s**2/2 + 16*s + 142. Let u(b) = -b + 8 + 3 - b. Let z(a) = 13*r(a) - 6*u(a). Give z(-6).
5
Let m(b) be the second derivative of -3*b**3/2 + 46*b**2 - 75*b + 18. Determine m(10).
2
Let u(d) = -4*d - 42787 + 21397 - d**3 - 7*d**2 + 21392. Give u(-6).
-10
Let a(k) = -k**2 - 9*k + 9. Suppose 0 = -6*c + 28*c + 198. Let y(x) = 7*x**2 + 63*x - 10. Let v be y(c). What is a(v)?
-1
Suppose -4*z + 54 + 226 = 0. Let b(n) = n**3 + 36 + n - 6*n**2 - z + 36. What is b(4)?
-26
Let r(k) = -415*k - 376*k + 1164*k - 375*k + 2*k**2 + 17*k**3 + 1. Suppose -2*d = -3*v + 6, 38 = -5*d - v - 3*v. Let l be (3/d)/((-2)/4). Calculate r(l).
18
Let x = -104856 - -104853. Let d(f) be the third derivative of f**4/24 - f**3/6 + f**2. Calculate d(x).
-4
Let u(p) = p**3 - 4*p**2 - 13*p + 7. Suppose 0 = -252*m + 238*m + 84. Calculate u(m).
1
Let d(w) = w + 14. Let n be (-522)/406 + (-4)/(-14). Let o(p) = -3. Let f(y) = n*d(y) - 4*o(y). What is f(-9)?
7
Let j(q) = 5*q**3 - 17*q**2 - 2*q. Let o(w) = -w**3 + 3*w**2 + w. Let k(i) = -j(i) - 6*o(i). Give k(3).
6
Let o(p) be the third derivative of 5*p**4/8 + p**3/6 - 150*p**2 - 2*p - 7. Let n be 4/6 - (-11)/(-3). Let v = n - -2. Give o(v).
-14
Let v = 51 + -49. Let y(a) = 3 - 133*a**v + 13 + 4*a + 128*a**2. Let x(g) = -g**2 + g + 3. Let u(h) = -11*x(h) + 2*y(h). What is u(2)?
-3
Let f(q) = -12*q + 120. Let m(u) = 2*u - 16. Let d(t) = -2*f(t) - 15*m(t). Give d(5).
-30
Let z be (-343026)/1197 - -3*(-2)/14. Let o = z + 288. Let p(v) be the third derivative of -v**4/6 - v**2. What is p(o)?
-4
Let w(l) be the third derivative of -l**4/12 - 41*l**3/6 - 178*l**2. Calculate w(-19).
-3
Let m(v) = 36*v + 248. Let i be ((-35)/15)/7 - (22/6 - -3). Determine m(i).
-4
Suppose 0 = t + 1, 12*f + t + 16 = 7*f. Let j(u) = -11*u - 4. Determine j(f).
29
Suppose 2*a - 2*d + 8 = 0, -3*d = 2*a + d - 16. Let w be a*3/27*-3. Suppose 4*f + 2*o - 6 = w, 5*o + 6 = -f - 6. Let c(i) = 2*i - 4. Calculate c(f).
2
Let m(t) = -7*t - 14. Let p(n) = -21*n - 47. Let l(g) = -13*m(g) + 4*p(g). What is l(2)?
8
Let p(i) = 2*i + 8. Let d = 70 - 67. Suppose -d*a = a - 48. Suppose 0 = a*m + 12 + 96. Give p(m).
-10
Suppose -4*j = -2*k, 5*k - 6 + 42 = -2*j. Let f(x) = -21*x + 23. What is f(j)?
86
Let u be (-1 + 10/4)/(387/516). Let s(o) = -o**3 - o**2 - 2*o + 4. What is s(u)?
-12
Let k(i) be the first derivative of i**2/2 + 12*i + 4. Let c be (-16)/(-23 + 7)*-8. What is k(c)?
4
Let o = -1396 + 1392. Let d(j) = 2*j**3 + 3*j**2 + 5*j + 1. What is d(o)?
-99
Let m = -48 - -51. Suppose 5*c - 3*p = -41, -c - 2*p + 3 = m*p. Let d(f) = f**3 + 6*f**2 - 7*f + 2. What is d(c)?
2
Suppose 12 - 31 = -c + 5*j, -2*j + 6 = 3*c. Suppose 3*l = -2*r + 28, -r = -l + c*r - 2. Let v(q) = -3*q - l + 4*q + q. Give v(7).
6
Suppose -6*d - 23 + 35 = 0. Let z(h) = 5*h - 4. Let m be z(d). Let r(x) = x**2 - 7*x + 4. Give r(m).
-2
Suppose -7 - 7 = 7*t. Let b be -1 - t/3*(-33)/(-2). Let f(q) = q**2 - 8*q - 11. Calculate f(b).
9
Let v(t) = 80*t**2 - 89*t**2 - 3728*t - 3*t**3 + 3718*t + 7 + 2*t**3. What is v(-7)?
-21
Let k(f) be the second derivative of f**5/20 - f**4/12 - f**3/2 + 11*f**2/2 + 4*f - 942. Calculate k(0).
11
Let w(f) = -15*f**2 - 25*f + 9. Let m(j) = 7*j**2 + 12*j - 4. Let t(o) = -13*m(o) - 6*w(o). Suppose 11*s - 9*s + 8 = 0. Give t(s).
6
Let q = -89 + 79. Let r(i) = 2*i + 13. Determine r(q).
-7
Let o(i) = 9*i + 57. Let t be o(-6). Let x(w) = -w**t - 26*w + 30*w + 2*w**3 - 4 + 0 - 4*w**2. Calculate x(3).
-1
Let t(c) = -c**2 + 15*c - 29. Suppose -740*j + 767*j = 54. Determine t(j).
-3
Let x(c) be the second derivative of -c**4/6 - 2*c**3/3 - 11*c**2 - 5706*c. Give x(-6).
-70
Let u(i) = -23*i**2 - 83 + 8*i + 0*i**3 - 4*i + 17*i - 6*i**3 + 5*i**3. What is u(-24)?
-11
Let y be ((9 + -8)/(1/10))/(10/4). Let v(s) = s**2 + 2*s - 13. Calculate v(y).
11
Let l(z) be the second derivative of -3*z**3 - 23*z**2/2 + 1671*z + 1. What is l(-2)?
13
Suppose -14*d - 44 = -13*d. Let a = -40 - d. Let n(q) = -q**3 - q - 1 + a*q - q**2 + 4*q**2 + 0*q. Calculate n(3).
8
Let v(z) be the third derivative of 0*z + 0 + 5/2*z**3 - 167*z**2 - 1/24*z**4. What is v(5)?
10
Let a(o) be the second derivative of 0 + 0*o**3 + 1/2*o**2 + 1/6*o**4 - 32*o. Give a(1).
3
Suppose 5*s - 146 + 131 = 0. Let g(c) = 5*c - 5*c**s - 6*c + 2*c - 6*c**2 + 6*c**3 + 3 + 3*c. Calculate g(5).
-2
Let v(m) = 63 + m**3 - 135 + 4*m**2 - m + 71. Let q(c) = c**3 - 2*c. Let b be q(2). Suppose y - 6 = b*y. Give v(y).
9
Let g(r) = -3*r**2 + r - 18. Let t(m) = -255*m - 4594. Let i be t(-18). Calculate g(i).
-70
Let h be (5/(-10))/(28/280). Suppose -4*g + 0*g = 0. Let o(v) = -v - 2*v + g + 3. Give o(h).
18
Let o be (-4)/6 - (-26)/3. Let x(b) = 55*b**3 - 20*b**2 + 2*b + 47. Let j(c) = 156*c**3 - 58*c**2 + 6*c + 135. Let v(w) = -6*j(w) + 17*x(w). Determine v(o).
-27
Let f(r) be the third derivative of -29*r**4/24 - 2*r**3/3 - 9799*r**2. What is f(-2)?
54
Let i be 5400/(-5)*16/(-32). Let y(f) = -535*f + 1078*f - i*f - 2. Give y(-4).
-14
Let n = 2986 + -2989. Let t(o) = 19*o + 67. Determine t(n).
10
Let f(s) = s**3 - 7*s**2 + 23*s + 15. Let i(t) = 2*t**2 - 7*t - 4. Let h(p) = -2*f(p) - 7*i(p). Calculate h(2).
-12
Let t(x) be the first derivative of -x**4/4 + 11*x**3/3 - 3*x - 282. Let d be ((-22)/10)/((-4)/20). Calculate t(d).
-3
Let f(a) = a**3 + a - 1. Let o(r) be the third derivative of -r**6/40 + r**5/60 - r**4/12 - 4*r**3/3 - 2*r**2 - 69*r. Let q(p) = -2*f(p) - o(p). Determine q(0).
10
Let h be 1 + (64/5)/((-128)/320). Let r(w) = 2*w + 100. What is r(h)?
38
Let h(u) = 9255*u - 17 - 9258*u + 4*u**2 + 18 - 2*u**3. Let o(v) = 2*v + 10. Let c be o(-7). Let y be c/(-3) + 4/6. Give h(y).
-5
Let g(t) = t**2 - t - 9. Let d be 45/(-18)*(-1 + (-21)/15). Let a = 6 - d. Calculate g(a).
-9
Let s(u) = 5*u - 36. Suppose 0 = -14*h + 10*h + 28. What is s(h)?
-1
Let s(c) = -c**3 - 7*c**2 + 7*c - 2. Let n be s(-8). Let h(m) be the first derivative of m**4/4 - 7*m**3/3 + 7*m**2/2 - 9*m + 1220. What is h(n)?
-3
Let l(i) be the second derivative of i**8/960 - i**7/1260 + i**5/120 + 31*i**4/6 - 16*i. Let w(r) be the third derivative of l(r). Give w(1).
6
Suppose -6*k + 3*t = -4*k + 3, 2*t = 2. Let j(o) = 7*o - 3. Let v be j(k). Let u(p) = 4*p - 2. Give u(v).
-14
Let j(t) be the first derivative of t**2 + 8*t - 7598. What is j(6)?
20
Let c(w) = 5*w + 14. Let a = -3051 - -3058. What is c(a)?
49
Let w(a) = -a**2 - 3*a - 1. Let s be (-1187)/(-5) - (-94)/(-235). Let z = s - 241. Give w(z).
-5
Let n = -1591 - -1597. Let p(l) = 3*l + 10. Calculate p(n).
28
Let p(y) = y**3 + 14*y**2 + 3. Let d = 5363 - 5377. Determine p(d).
3
Let c(w) = 12*w + 69. Suppose 0 = -y - 0*y - t - 2, -30 = 3*y - 3*t. What is c(y)?
-3
Let a(v) be the third derivative of v**5/15 + 5*v**4/24 + v**3/3 + 2*v**2 + 1613. Give a(-3).
23
Let g(d) be the second derivative of d**4/12 - 5*d**3/2 - 5*d**2 - 1785*d. Calculate g(6).
-64
Let c(i) be the second derivative of -i**5/20 + i**4/6 + i**3/2 - 3*i**2/2 - i. Suppose 10*x + 30 = 7*x + 6*l, 0 = -3*x + 3*l - 12. What is c(x)?
3
Let